*p**3 - 1/120*p**6 - 1/60*p**5 - 4*p + 5/24*p**4. Let a(c) be the first derivative of q(c). What is a(-3)?
5
Let v(k) = k**3 + 5*k**2 - 10*k - 24. Let r be v(-6). Let u(o) = o**3 + o**2 + o - 3. Calculate u(r).
-3
Let j(g) = g**2 + 16*g - 3. Let w(u) = -u**2 - 14*u + 2. Let o(y) = -3*j(y) - 4*w(y). Determine o(-6).
-11
Let m(j) = -4*j - 1 - 61*j**2 + 0 + 60*j**2. Calculate m(-3).
2
Let y(l) = 2*l**2 + 20*l - 5. Let c(d) = d**2 + 9*d - 2. Let m(q) = -5*c(q) + 2*y(q). Let v = -2 - 0. Let w = v - 4. Determine m(w).
-6
Suppose -5*w - 2*m + 23 = 0, 4*w + m = 2 + 17. Let z(p) = -8*p + 6. What is z(w)?
-34
Let i(h) = -h + 9. Let u be i(5). Suppose k = -0*k + 4. Let g(z) = -1 - k*z**2 + 3 - 1 + z**3. What is g(u)?
1
Let b(c) be the first derivative of 29*c**2/2 - c + 141. What is b(1)?
28
Let o(t) be the third derivative of t**4/4 - 11*t**3/6 + 247*t**2. What is o(-10)?
-71
Let d be 9 + 2 + -4 + 0. Let k = d - -5. Suppose 2*l + k = -3*r, -4*l + 3*r - 1 = 5. Let h(v) = -v**2 + 2*v + 4. Calculate h(l).
-11
Let u be ((-7)/21)/((-1)/15). Let m(r) = r - 2*r**2 - 3*r**2 - 1 + 6*r**2. Let q(i) = -5*i**2 - 10*i + 7. Let w(j) = -6*m(j) - q(j). Determine w(u).
-6
Let f(n) = 13*n - 11. Let k(o) = 33*o - 41. Let x(i) = 16*i - 21. Let w(j) = 4*k(j) - 7*x(j). Let r(d) = 8*f(d) - 5*w(d). Calculate r(3).
9
Let l(u) = -12*u**3 + u - 1. Suppose 3*c - 8 = -5*c. Let v be c - 0/(-1) - 0. Give l(v).
-12
Suppose -m + 8 = 4. Let v = -1 + 3. Let h(g) = -v*g + 3*g**3 + 3*g - m*g**3 - g**2 + 5*g**2. What is h(4)?
4
Let o(s) = s**2 - s - 1. Suppose 31*a - 37*a - 6 = 0. Let y(p) = 3*p**2 + 4*p - 13. Let g(k) = a*y(k) + 4*o(k). What is g(7)?
2
Let c(o) = 91*o + 2. Let x(q) = 45*q + 1. Let n(a) = -2*c(a) + 5*x(a). What is n(-1)?
-42
Suppose -1 + 5 = -4*w. Let t = w + -5. Let b(c) be the first derivative of c**2 + 7*c - 24. Give b(t).
-5
Let a = -22 - 3. Let m be (9/15)/((-5)/a). Suppose -r = -5*z + 20, m*r - 2 = r - 4*z. Let d(y) = y**3 + 5*y**2 + 2*y - 4. Give d(r).
-14
Suppose -2*b - w = -7, 0 = -8*b + 11*b + w - 9. Let j(x) = x + 1. Determine j(b).
3
Let q(i) be the first derivative of 0*i + 0*i**2 + 3 - 10/3*i**3. Determine q(1).
-10
Suppose -13*y + 3 = -49. Let j(q) = 24*q**2 + 0 + y - 23*q**2 + q. Calculate j(0).
4
Let y(g) = -g**3 + 3*g - 2. Suppose -4 = -2*k - 0. Suppose u = -22 + k. Let m be u/(-8)*8/10. What is y(m)?
-4
Let r(t) = -t + 6. Let a be (-1 - 26/(-8)) + (-24)/96. Determine r(a).
4
Let h(n) be the first derivative of n**3/3 + 5*n**2 - n + 194. What is h(-11)?
10
Let i(w) = w**2 - 1. Let k(r) = r**3 + 7*r**2 + 5*r + 4. Let m be k(-6). Suppose -39*j = -34*j + m. What is i(j)?
3
Let s be -2 - (-2)/3 - (-2)/(6/(-23)). Let i(k) = k**3 + 5*k**2 - 2*k + 8. Let v(z) = 2*z**3 + 11*z**2 - 3*z + 17. Let f(o) = -7*i(o) + 4*v(o). Give f(s).
-6
Let i(p) = -p**2 + 9*p + 14. Suppose -69 = -27*m + 201. Give i(m).
4
Let h(t) = 3*t - 6. Let m(i) = -7*i + 13. Let s be (-7 + (-6)/(-3))*1. Let u(q) = s*h(q) - 2*m(q). Let v be u(-2). Let n(x) = -2*x + 6. Determine n(v).
-6
Let s(n) be the first derivative of -2 - 1/2*n**2 + n. Calculate s(-5).
6
Let p(i) = 7*i + 20. Let o(z) = 7*z + 26. Let w(y) = 2*o(y) - 3*p(y). Give w(-1).
-1
Let g(q) = -q - 1. Let s = -19 + 22. Let a be g(s). Let z = 8 + a. Let c(r) = -r**2 + 3*r. Calculate c(z).
-4
Let t(f) = -5*f - 1. Let g(b) = 7*b - 4. Let i(q) = -2*g(q) - 3*t(q). What is i(-5)?
6
Suppose 0*o - 24 = 3*x - 3*o, 0 = -5*x - 3*o - 8. Let j(f) = 7*f + 6*f**2 - 84*f**3 + 149*f**3 + 5 - 64*f**3. Determine j(x).
9
Let y(q) = -q**3 - 6*q**2 - 6*q. Let w be (-56)/(-42) - (-19)/(-3). Determine y(w).
5
Let r(g) = -4*g**2 + 3*g + 3. Let d(h) = -7*h**2 + 6*h + 6. Let f(n) = 3*d(n) - 5*r(n). Let l(k) = -3*k - 11. Let z be l(-5). Determine f(z).
-1
Suppose 4*g = 9 + 11. Suppose 3*l + 0*l = -5*x, 0 = g*l - x. Let r(k) = l*k**3 - 9 - k**3 - 6*k + 47*k**2 - 54*k**2. What is r(-6)?
-9
Suppose -3*m - 1 = -2*m. Let c be 17 + 2 + (-1)/(-1). Let z(g) = -c - g + 19 - 5*g**3 - g + 3*g**3. Calculate z(m).
3
Let d(f) = -2*f**2 + 2*f + 4. Suppose -9*k + 12*k - 24 = 0. Suppose -3*r + k*r - 14 = -3*v, 5*v - 4*r - 11 = 0. Calculate d(v).
-8
Let i(w) = w**2 - 2*w + 1. Let a be i(1). Let r(y) be the first derivative of -5*y - 1/3*y**3 - 1/2*y**2 + 1. Determine r(a).
-5
Suppose 14*j - 40 = 6*j. Let p(u) = u + 5. Give p(j).
10
Let w(x) be the third derivative of -x**6/120 - x**5/15 - x**3/6 - 3*x**2 + 10*x. Determine w(-2).
-9
Suppose -4*g + 14 = 3*g. Suppose -2*a = g*a + 8. Let q(i) = -5*i - 2. Calculate q(a).
8
Let r(m) = 7*m**3 + 3*m**3 - 11*m**2 - 14*m**3 + 11*m + 5*m**3. What is r(10)?
10
Suppose -2 = -4*t + 22. Let s = 15 - t. Let o be (s/27)/(2/(-12)). Let q(p) = -p**2 + 2*p + 1. Calculate q(o).
-7
Let u(k) = 2*k**2 - 2*k + 2*k - 3 + k + k - 5*k**2. Calculate u(2).
-11
Let s(k) = -2*k + 2. Let z(h) = -3*h + 3. Let m(d) = -8*s(d) + 5*z(d). Let a be m(-5). Let f(g) = -g**3 - 6*g**2 + g - 4. Give f(a).
-10
Let t(z) = 4*z**2 - 2*z**2 - 6 + 4 + 3*z. Calculate t(-4).
18
Let k be 106/6 + (-5)/(-15). Suppose 0 = -5*x - 3 + k. Let q = -5 + x. Let h(d) = -2*d**2 - 4*d - 3. Calculate h(q).
-3
Let t(x) = -4*x**3 - 4*x**2 + 8*x + 9. Let m(f) = 5*f**3 + 2*f**2 - 7*f - 8. Let z(s) = -5*m(s) - 6*t(s). What is z(13)?
-14
Let s(d) = d**2 + d - 4. Let b(r) = -r**2 + 2*r. Let v be b(2). Suppose 0*m = 3*m + 12, -2*h + 20 = -3*m. Suppose v*t = -3*t - 4*i + h, 1 = 4*t + i. Give s(t).
-4
Let o(p) = p**2 - 19*p + 18. Let m be o(17). Let t = -14 - m. Let u(i) = 4*i**t + i**2 - 7*i**3 - 3*i**2 - i. Calculate u(1).
-6
Let t = -17 + 18. Suppose 4*w - t = -17. Let b(c) = c**3 - 4*c - 1. Let y(d) = -d**2 - 1. Let l(i) = b(i) - 3*y(i). Determine l(w).
2
Let d(l) be the second derivative of 0*l**4 + 0 + 1/120*l**6 - 1/3*l**3 + 1/60*l**5 - 8*l + 5/2*l**2. Let s(g) be the first derivative of d(g). What is s(-2)?
-6
Suppose -23 = -0*t - t. Suppose -5*d + t + 2 = 0. Let p(h) be the third derivative of -h**4/24 + h**3/3 + 5*h**2. Calculate p(d).
-3
Let x(i) = -2*i - 4. Suppose 0*t = -3*t + 57. Suppose 3*n + 5*o - 3*o - t = 0, -4*n + 4*o = -12. What is x(n)?
-14
Let v = 3 + -1. Suppose -15 = 3*s, 2 = -y - s - 3. Let f(t) = -2*t**2 + y*t - t + 3 + t**2 - 1. Calculate f(v).
-4
Let h(s) = -4*s - 1. Suppose -n - 2*g = -4 + 6, -4*n - g = -6. Suppose -5*w = -3*u - 255, n*w - 51 = w - 5*u. Let v be (12/10)/(w/(-170)). Give h(v).
15
Let v(c) be the third derivative of c**6/360 - c**5/24 - 7*c**4/24 + 7*c**3/2 - 21*c**2. Let m(r) be the first derivative of v(r). What is m(7)?
7
Let a(n) = -2 - 2*n + n**2 - 4 - 1 - 3*n - 2*n**2. Let o be 16/(-3) + 4/(-6). Give a(o).
-13
Let g be ((-12)/(-15))/(14/(-10) - -1). Let o(h) = -h. Calculate o(g).
2
Let y(m) = -m**3 + 8*m**2 + m - 6. Let o(i) = -i**2 - 5*i + 158. Let q be o(-15). Determine y(q).
2
Let a be -8 + 15*(-9)/(-15). Let f(h) = -2*h**3 + h**2 + h - 3. Calculate f(a).
-3
Let w(f) = -3 - 6*f - 2*f + 4 + 2*f + 3*f. Give w(3).
-8
Let p(o) = 5*o - 15. Let f(b) = 38*b - 299. Let k be f(8). Calculate p(k).
10
Suppose 27 = 4*o - 3*n, 2*n + 0 + 7 = -o. Let m(a) = 0*a - o + 11 + 6 + a. What is m(0)?
14
Suppose 3*i + 3*p = -0*p + 12, 4*i - 13 = -p. Let r(j) = -11*j**2 + 6*j + 11. Let x(q) = -17*q**2 + 9*q + 17. Let f(k) = -8*r(k) + 5*x(k). Calculate f(i).
15
Let k(o) = -3*o + 2. Suppose -l - 7 = 5*t - 6*t, 5*t + 3*l - 19 = 0. What is k(t)?
-13
Let r(j) be the first derivative of -j**3/3 - j**2/2 - j - 7. Let h be 9/(-2)*(-40)/(-30). Let t be h/(-10) - 182/70. Calculate r(t).
-3
Let w(v) be the third derivative of -1/12*v**4 + 7*v**2 + 0*v - 1/120*v**6 + 0 - 1/12*v**5 + 2/3*v**3. Calculate w(-4).
-4
Suppose 3*m = -4*s + 3, 3*m - s - 25 = -7. Suppose -m*i = 4*n - 20, -n + 2*n = 4*i + 5. Let l(f) = -85*f + 256*f - 81*f - 5 - 89*f. Give l(i).
-5
Let o(q) = 4*q**3 + 2*q**2 - q. Suppose -3 - 1 = -j. Let u be (-2 - 6 - -4) + 4. Suppose u = 4*p - 8 + j. Calculate o(p).
5
Let u be (-1)/12 + 1544/96. Let f(w) = -2*w + 30. Give f(u).
-2
Let v(l) = 7 + 13*l + 11 - 21. Let p be v(1). Let x(m) = -m + 11. Give x(p).
1
Let m(w) = 1 - 70*w + 39*w + 35*w - 4. Let h(y) = y**3 + 4*y**2 - 6*y - 3. Let j be h(-5). Give m(j).
5
Let y be 690/(-42) - 4/7. Let q = -16 - y. Let s(f) = -f - 3*f + 5*f. What is s(q)?
1
Let i be -1 + 3*2/3. Suppose -i = r - 0. Let u(a) = -a**2 + 5*a + 5. Let j(f) = -1. Le